*l + 1. Let b be z(-2). Let h be -2 - (b + 1 - 1). Let y be (-406)/(-5) + h/(-5). Calculate the greatest common factor of 9 and y.
9
Let y = 459 + -444. What is the highest common factor of y and 2055?
15
Let x be (-4 - 11/(-2))*2. Suppose 5*q = 10, 5*o - 15 = x*q - 6. Suppose -c + 0*c = -1. What is the highest common divisor of c and o?
1
Let t(f) = -f**3 - 22*f**2 - 6*f + 27. Let v be t(-22). What is the highest common factor of v and 106?
53
Suppose -12*y + 777 = -315. Let p = y + -67. What is the highest common factor of 6 and p?
6
Suppose 2*m - 432 = 374. Suppose 4*y = y - 813. Let o = m + y. Calculate the highest common divisor of 12 and o.
12
Let q(g) = 26*g - 26. Let s = 59 - 54. Let n be q(s). What is the greatest common factor of 13 and n?
13
Suppose 4*j + 3*c = c + 116, c = 3*j - 92. What is the highest common divisor of 70 and j?
10
Let y = 1225 - 949. What is the greatest common factor of y and 24?
12
Suppose 4*j - 1524 = -c, 3*j = -3*c + 45 + 1098. Calculate the greatest common factor of j and 3.
3
Let y = -1666 + 1675. What is the greatest common factor of y and 1521?
9
Suppose -23*p = -26*p + 9. Suppose -2*q + p*q - 14 = 0. Calculate the greatest common factor of q and 98.
14
Let g(d) = -131*d - 52. Let k be g(-2). Calculate the highest common factor of 770 and k.
70
Suppose -4*u - 3*w = -137, 3*u + 3*w - 104 = w. Let v be (304/(-12))/(2/(-12)). Calculate the highest common factor of v and u.
38
Let p(i) = -14*i + 2. Let s be p(3). Let o be (-18)/1*s/16. What is the greatest common factor of 18 and o?
9
Let f(c) = -3*c + 5. Let l be f(5). Let x = l - -26. Suppose 4*z = -2*g + 16, -2*g - z - z = -x. Calculate the highest common divisor of g and 8.
8
Suppose -19*h - 442 = -53*h. What is the greatest common divisor of h and 286?
13
Let m be -162*((-170)/20 + -13). Calculate the highest common factor of m and 43.
43
Let s(u) = u**3 - 5*u**2 + 8*u - 16. Let b be s(6). Calculate the greatest common factor of b and 119.
17
Suppose -q = -2*u - 175, -73*u = -2*q - 77*u + 326. Calculate the greatest common divisor of 65 and q.
13
Let o = -89 + 99. Let u be 564/o + 14/(-35). Calculate the greatest common divisor of 392 and u.
56
Let k(y) = -y**2 - 42*y + 44. Let t be k(-42). What is the greatest common factor of t and 187?
11
Suppose -4*s + 3*i = -58, s + 2*i - 31 + 11 = 0. What is the greatest common divisor of 56 and s?
8
Suppose 3*b - 159 = -2*h, 0 = -3*h + b + 148 + 63. What is the highest common divisor of 108 and h?
36
Suppose -4*v - 5*k + 6492 = 0, -3*v + 41*k + 4868 = 45*k. Calculate the greatest common factor of 296 and v.
148
Let h = -3 + 10. Let j(y) = y + 5. Let c be j(h). What is the highest common factor of c and 30?
6
Suppose 2*r - p - 54 = 0, r - 4*p - 20 = -0*p. Let x be 1*4*(-51)/(-6). Let m = x - r. Calculate the highest common factor of m and 30.
6
Let k be 2/(-11) + 516/(-66). Let q(j) = -17*j + 7. Let p be q(k). Let z be (-3)/9 + 80/6. Calculate the highest common divisor of p and z.
13
Suppose 0 = -2*x - 0*x + 2*g + 518, -5*x = 3*g - 1335. Calculate the greatest common divisor of x and 33.
33
Let z = 875 + -857. Calculate the highest common divisor of 927 and z.
9
Suppose -5*d + 22 + 58 = 0. Let w = d + 4. Let c(m) = m**3 + 11*m**2 - 7*m - 5. Let t be c(-5). What is the highest common factor of w and t?
20
Suppose 21*y - 14*y = 854. Let g = -83 + y. Calculate the greatest common divisor of g and 39.
39
Let u(r) = r**2 - 58*r + 879. Let d be u(24). Let g(x) = 18*x**3 - x + 1. Let a be g(1). Calculate the greatest common divisor of a and d.
9
Let b be ((-100)/(-6) - 7)*3*3. What is the highest common divisor of 2175 and b?
87
Let d be 1/(0 - 3/243). Let x be (d/(-15))/(4/180). Calculate the greatest common factor of x and 27.
27
Suppose -176 = w - 3*w. Let t = 1010 + -1002. Calculate the highest common factor of t and w.
8
Let d be -1 - ((-12)/(-8))/(-1)*2. Suppose 2*y - 98 = -4*u, 6 + 53 = d*u - y. What is the highest common factor of u and 18?
9
Suppose 2*j = 5*d + 65, -d + 6*d = -3*j + 160. What is the greatest common factor of 40 and j?
5
Let o = 47 + 38. What is the greatest common factor of 15 and o?
5
Let w(c) = c**2 + 16*c - 8. Let t be w(-10). Let g = t - -118. Let f be (-9)/21 - (-356)/14. What is the highest common factor of g and f?
25
Let v be ((-30)/(-10))/3*23. What is the highest common factor of 1219 and v?
23
Suppose 31*q = 3*q + 1176. Calculate the greatest common divisor of q and 322.
14
Let p = 17 - -13. Suppose -p*z = -24*z - 66. What is the greatest common factor of z and 44?
11
Let u = 446 - 778. Let i be u/(-16) + 2/8. Suppose -4*x - 1 + i = 0. What is the highest common divisor of x and 45?
5
Let q be 8 - (7 + -16 - 204). Let f be (-5)/5*1*-13. Calculate the highest common divisor of q and f.
13
Suppose -h = 70*h - 994. What is the highest common factor of h and 2296?
14
Suppose 13*m - 39 = -0. Suppose 0 = m*x + 2*a - 24, 4*a - 23 - 7 = -3*x. Calculate the greatest common factor of x and 1.
1
Let c(w) = w**3 - 25*w**2 - 31*w + 185. Let k be c(26). What is the highest common factor of 880 and k?
55
Suppose 0 = 13*w - 557 - 54. What is the greatest common factor of 423 and w?
47
Suppose -11*v - 78 = -14*v. Let g be (v/8 - 3)*76. Calculate the highest common divisor of 152 and g.
19
Let w(j) = -28*j - 27. Let c be w(-2). Calculate the highest common divisor of c and 348.
29
Let p = 47 - -168. Let f be ((-35)/(-4) - -2)*8. What is the greatest common divisor of f and p?
43
Let q be 7/(-3)*(-7 + 4). Suppose q*g - 11*g = -104. What is the greatest common factor of g and 26?
26
Let w = -15 + 22. Suppose 59 = -w*z - 11. Let r be 2*((-15)/z - 1). What is the greatest common factor of 1 and r?
1
Suppose -4*b - 10 = -9*b, -2*b + 1060 = 3*i. What is the highest common divisor of i and 11?
11
Let w(b) = -528*b + 525*b + 7*b**2 - 3*b**2 - 4 - 3*b**2. Let o be w(-3). What is the highest common factor of o and 7?
7
Suppose 4*f + 69 = 3*i, 6*i = i - 3*f + 86. Suppose c = -c + 310. Let k be c*1 - (-10 + 13). Calculate the highest common divisor of i and k.
19
Let v = -204 - -239. Calculate the highest common factor of v and 1295.
35
Let y be -3 + -2 - -3 - -327. Let n = y + -208. Let m(o) = o**2 - o + 13. Let x be m(0). Calculate the greatest common divisor of x and n.
13
Suppose 31 = 4*z - 29. Suppose 4*h = h + z. Calculate the highest common factor of 55 and h.
5
Let w be (-27)/(-45) + 7296/(-10). Let s = -493 - w. Suppose -2*j + 183 = j + 5*g, 4*j + 4*g - s = 0. Calculate the greatest common divisor of 14 and j.
14
Let o(m) = 4*m**2 + 2*m + 6*m + 5 - 3*m**2 + 0*m**2. Let j be o(-8). Let d(a) = -a + 10. Let p be d(j). What is the greatest common factor of 25 and p?
5
Let k = -46 + 64. Suppose -2*q + k = 2*w, 3*w - 16 = q - w. What is the greatest common divisor of 4 and q?
4
Suppose 6*i - 15 + 39 = 0. Let j = i + 8. Calculate the highest common divisor of j and 52.
4
Let m = -66 + 136. Suppose r - 4*q = 26, 3*q + 19 = 2*r - 13. Calculate the greatest common divisor of r and m.
10
Suppose 39*m - 89*m + 1550 = 0. Calculate the greatest common divisor of 837 and m.
31
Suppose -2*x - 3*a = -21, 14 = 5*x - a - 13. Let z be 5/3 - (-1)/3. Suppose -z = 2*k - 14. Calculate the highest common divisor of x and k.
6
Suppose -2*l + 0*l + b = -130, -4*l + b = -258. Calculate the greatest common divisor of 104 and l.
8
Suppose 0*n = n + 24. Let v = -9 - n. What is the highest common divisor of v and 5?
5
Let u = -639 + 640. What is the highest common divisor of 4 and u?
1
Let a = -458 - -475. What is the greatest common divisor of 34 and a?
17
Let z be 8/(-6)*(-11 - -8). Let d = 2 - -3. Let x be 1/d + (-474)/(-30). Calculate the highest common divisor of x and z.
4
Suppose 2*g = 3*g + 5*b - 111, -5*b - 519 = -4*g. What is the greatest common factor of g and 14?
14
Suppose 5 = p, -2*p + 6 = a - 30. Suppose 2*d - a = -2. Let j(f) = f**3 - 11*f**2 - 11*f - 9. Let t be j(d). What is the greatest common divisor of 27 and t?
3
Suppose -2*b + 1040 = 5*c, 4*b - 2104 = -5*c + 7*c. What is the highest common divisor of b and 21?
21
Suppose 103*p - 109*p = -66. Calculate the highest common factor of p and 121.
11
Suppose -4*y + 6*y = -10. Let h = 26 + y. What is the greatest common factor of 63 and h?
21
Suppose -5*i - 5*q = -17